2*o = -4*u - 12. Let s(m) = m**2 + 6*m + 2. Calculate s(o).
-6
Let f = 42 - 41. Let w(z) = z**3 + 7*z**2 - 2*z**3 - 3*z - z + 3 + f. Give w(6).
16
Let o(b) = 21*b + 27. Let v(s) = -9*s - 11. Let t(z) = 4*o(z) + 9*v(z). Let g be (-14)/(2 - 0) + 0. What is t(g)?
-12
Let v(t) = -12*t - 89. Let k be v(-7). Let o(a) = 4*a + 12. Determine o(k).
-8
Let d(n) be the first derivative of -13 + 1/2*n**2 - 9*n. Calculate d(6).
-3
Let k(p) = -2*p**2 - 33*p + 13. Let s = -1659 - -1642. Calculate k(s).
-4
Let j = 471 - 475. Let g(p) = -p**3 - 7*p**2 - 6*p. Calculate g(j).
-24
Let i(b) = -b**2 + 8*b - 8. Let h(z) = 1. Let w(o) = 6*h(o) + i(o). Calculate w(5).
13
Let n(g) = g**3 + 13*g**2 + 13*g + 7. Let k = 435 - 447. What is n(k)?
-5
Let s(v) = 3*v**2 + 14*v + 19. Let o(a) = -2*a**2 - 9*a - 12. Let q(n) = 8*o(n) + 5*s(n). Suppose 0 = -p - f - 5, -5*p - 3*f - 19 = -2. Determine q(p).
0
Suppose -208 = -2*m - 2*g, 8*m - 440 = 4*m + 4*g. Let j = m + -110. Let r(i) = 0 - 2 + 2*i - i**2 + 6. Calculate r(j).
-11
Let q(g) = -g**2 - 14. Let o(s) = 2*s**2 + 7*s - 4. Let y be o(-4). Let m be 2/4*(-3 + (y - -3)). What is q(m)?
-14
Suppose 48*k + 12 = 52*k. Let y(s) = -3*s**2 + 4*s. Calculate y(k).
-15
Let g(w) = -w + 7. Let l(i) = i**3 + 3*i**2 - 6*i - 1. Let h be l(-4). Suppose 23 = 4*t + 3*u + 19, 0 = 2*t + u. Let b = t + h. Give g(b).
2
Let k(m) = 15*m + 86. Let q be k(-6). Let i(u) = u**2 + 7*u + 1. Calculate i(q).
-11
Let q(w) = -6*w - 2. Let l = 34 + 52. Let h = l + -87. Give q(h).
4
Let h = -6 - -10. Let s(x) = -60 - 3*x**3 - 20*x + 35 + 4*x**2 + 37. Let a(z) = 2*z**3 - 3*z**2 + 13*z - 8. Let g(u) = -8*a(u) - 5*s(u). What is g(h)?
-12
Let k(j) = 4*j + 10*j - 7*j + j + 64. Let l be k(-8). Let f(n) = -n**3 + 21. Calculate f(l).
21
Suppose -3*k + 0*k = -3*v + 6, -v = -3*k - 4. Let q(x) = -2*x**2 + 2*x**2 - v + 5*x**2 - 4*x**2 + x. Let j be 2 + (0 - 0/(-1)). What is q(j)?
5
Let n(k) = -3*k - 15*k + 6*k + 0 - 3. Give n(-2).
21
Let k(a) = -a**3 + 12*a**2 - 31*a + 34. Let q be k(9). Let v(p) = -21*p - 1. Calculate v(q).
41
Let o be 8/(-18) + 1334/(-522). Let q(l) be the first derivative of -l**4/4 - 4*l**3/3 - l**2/2 + 3*l + 4. Calculate q(o).
-3
Suppose 5*k = -2*r + 21, -2*r - 3*k = -6*r + 3. Let a(o) = 3*o**2 + 1 + 3 + o**r - 2 + 2*o. What is a(-2)?
2
Let w(i) = 5*i**2 - 3*i - 8. Let t(v) = 15*v**2 - 9*v - 26. Let d(u) = -2*t(u) + 7*w(u). Give d(2).
10
Let g(a) = -a**3 - 5*a**2 - 5*a + 3. Let k = 25 - 8. Let o(j) = j - 21. Let x be o(k). What is g(x)?
7
Let j(h) = h**2 + 4*h + 5. Let k = -167 + 163. Calculate j(k).
5
Let a(g) = -3*g**2 + 10*g + 2. Let j(d) = -d**2 + 6*d + 10. Let x be j(7). Let i be a(x). Let u(o) = 2*o - 5. Give u(i).
5
Let b be 1/(((-1)/(-2))/(-1)). Suppose -4*x + 12 = 4*g, -5*g + 7 + 0 = x. Let l(y) = 6*y - y - 6*y - x*y**2 + 1. Give l(b).
-5
Let j(m) = 0*m - 210 - m**2 + 114 + 103 + 9*m. What is j(9)?
7
Let j be (-6)/4 - (-14)/(-28). Let v be j/(-1)*(-5)/(-5). Let m(w) = 0*w + 3*w - 5*w - v*w. Determine m(5).
-20
Let w be -2*(-4 + 1)*(-16)/6. Let j(s) = s**3 + 15*s**2 - 14*s + 30. Give j(w).
-2
Let t(q) be the first derivative of -1/3*q**3 - 2*q - 2*q**2 + 2. Let m be (328/(-16) + 20)/(1/8). What is t(m)?
-2
Suppose -34*k = -31*k - 9. Let y(s) = 26*s - 46*s + 1 - s**k + 2*s**3 + 18*s. Determine y(2).
5
Let u(m) be the first derivative of m**3/3 + 6*m**2 + 14*m - 85. Determine u(-11).
3
Let j(s) be the first derivative of -5*s**2/2 + 3*s - 2. Give j(6).
-27
Let u(j) = j**2 - 2*j + 1. Let c be ((-12)/9)/((-2)/(-12)). Let o = 11 - 5. Let n = o + c. Give u(n).
9
Suppose 2*z = 3*y - 9, 21 - 7 = 2*y - 4*z. Suppose -n - u = -3, n = 3*n - 4*u - 6. Let c(p) = -p**2 + 68*p**n + 0*p - 73*p**3 - p**2 + p. What is c(y)?
-6
Let m(r) be the first derivative of -r**4/4 + 8*r**3/3 - 2*r**2 + 12*r + 634. Determine m(8).
-20
Let x be (6 - -2)/(-2) - 0. Let n(t) = -9*t**3 + t**2 + t - 7. Let m(w) = -4*w**3 + w - 3. Let d(h) = 7*m(h) - 3*n(h). What is d(x)?
0
Let z(s) = -5*s**2 - 2*s + 2. Let r(w) = -6*w**2 - 2*w + 3. Let v(l) = 4*r(l) - 5*z(l). Suppose 7*j - 6*j + 3 = 0. Determine v(j).
5
Suppose -n = 5*y - 4*n + 32, -20 = -5*n. Let p(q) = -2 + 9*q - 2*q + 2*q**2 - 2*q. Let z(u) = -2*u**2 - 5*u + 2. Let h(k) = -5*p(k) - 4*z(k). What is h(y)?
-10
Let t(c) be the second derivative of -c**6/144 + c**5/60 - c**4/3 - 5*c. Let y(j) be the third derivative of t(j). Determine y(2).
-8
Let i(h) be the first derivative of 3*h**4/4 - h**3/3 + 3*h**2/2 - 3*h + 21. Give i(2).
23
Let h(a) = -2 - 8*a**3 + 12*a - 10*a + 2*a**2 + 3 + 0*a**2. Give h(-1).
9
Suppose 249 = 23*n - 96. Let t(k) = -k**2 + 15*k + 3. Determine t(n).
3
Let c(q) be the third derivative of 1/2*q**3 - 1/24*q**4 - 1/120*q**6 - 1/60*q**5 + 0 + 18*q**2 + 0*q. Let b be -2 + 1 + -1 + 2. Calculate c(b).
3
Let o(b) be the third derivative of -b**6/120 - 7*b**5/60 - b**4/24 - b**3 + 605*b**2. Suppose -6 = -2*h, s + h + 4 = -0*s. Give o(s).
1
Suppose -3*w - 2*m + 11 = 0, -4*m + 2 + 15 = 5*w. Let r(a) = 2*a - 10. Determine r(w).
0
Suppose -2 = -k + 2, 2*o + k = 32. Let x(q) = q**2 - 14*q - 4. Give x(o).
-4
Let z(n) = 4*n**3 + n**2 - 5*n + 9. Let x(t) = 11*t**3 + 3*t**2 - 13*t + 26. Let v(i) = -3*x(i) + 8*z(i). Give v(0).
-6
Let p = 1602 - 1604. Let k(s) = 6*s**2 + 4*s + 2. Give k(p).
18
Suppose -5*n + 1 + 34 = 0. Suppose -k - n = -2*k. Let b(j) = j**3 - 8*j**2 + 6*j + 4. Calculate b(k).
-3
Let d(k) = 5*k**3 - 5*k**2 + k + 1. Let g(p) = -p**3 - p**2. Let b(y) = -d(y) - 4*g(y). Determine b(9).
-10
Suppose -191 = 16*j - 287. Let h(z) = -z**3 + 5*z**2 + 2*z - 7. Calculate h(j).
-31
Let n(y) = 1552*y + 4 - 1554*y - 5. Determine n(1).
-3
Let i(n) be the second derivative of 1/20*n**5 + 0 - 1/6*n**3 + 17*n + 3/4*n**4 - 4*n**2. Give i(-9).
1
Let m(y) = 4*y**2 + y. Let g be m(-1). Let p be (g/9)/((-5)/(-45)). Suppose -3*j - 5 = -o, p*o - 1 = j + 2*o. Let z(x) = 2*x**2 + x. Give z(j).
6
Let q(s) = 2*s**3 - 2*s**2 - s. Let m(i) = -i**3 + 2*i + i + 2*i**2 - 2*i**3 + 2*i**3. Let a be m(3). Let v be (a - 2) + (1 - -3). Calculate q(v).
6
Let u(f) be the third derivative of 0 - f**3 + 1/12*f**4 + 0*f - f**2. Determine u(5).
4
Let c(p) = -p**2 + 5*p + 1. Let t(n) = -n**3 + 15*n**2 + 15*n + 21. Let y be t(16). What is c(y)?
1
Suppose -2*q + q = -4. Let x(i) = i**2 - 4*i**2 - 6 - 3*i + q + 5*i**2. Give x(3).
7
Let c be 10/(-7) + 1 - (-3612)/(-147). Let h(l) = l + 28. Calculate h(c).
3
Let d(f) be the first derivative of -f**3/3 - 3*f**2/2 - 792. Give d(-5).
-10
Let i(h) = h**2 - 10*h. Let q be i(-1). Let g(p) = p - 6. What is g(q)?
5
Suppose 0 = -3*y + 5*a + 12, 0 = -4*a - 0*a - 12. Let s(f) = -13*f**3 - 1. Determine s(y).
12
Let q(s) = 4 + 41*s + 2*s**2 - 2 - 40*s. Suppose n + 7 = -5*d, 5*n = -4*d + n + 4. Determine q(d).
8
Suppose 0 = -4*v - v + 20. Suppose -4*n + 4*b + 12 = 0, 4*n + v*b + 28 = -0*b. Let m(k) = k**3 + k**2 - 3*k - 3. Give m(n).
-1
Let o(z) be the first derivative of -z**2 - 3*z + 11. Suppose -5*a + i + 4 = 0, -2 = -a - 2*a + i. Suppose 2*q + 7 = -a. What is o(q)?
5
Let d(t) = 1. Let s be -2*(8/2 - (11 - 6)). Let a(i) be the second derivative of i**3/6 + 3*i**2/2 + i. Let q(g) = s*d(g) + a(g). Give q(6).
11
Suppose 0 = -7*p + 35 - 21. Let b(j) be the first derivative of -1/4*j**4 - p*j**3 - 2*j - 4 - 3*j**2. Determine b(-5).
3
Suppose -7*u - 7 - 14 = 0. Let m be (u*(-1)/3)/1. Let i(o) = o**3 - o**2 + 2*o - 1. Give i(m).
1
Let q(x) = -7*x**2 - 36*x - 17. Let i(g) = g**2 + 7*g + 1. Let o(j) = 6*i(j) + q(j). What is o(4)?
-3
Let z be (-1 + -5)/(1*-1). Suppose 0*i - 4*i + 12 = 0. Let a(n) = -i + 8*n + 8 - n**2 - 2. Give a(z).
15
Let f(l) be the third derivative of 0 - 19*l**2 + 1/2*l**3 - 1/24*l**4 + 0*l. Calculate f(-4).
7
Let f(o) = -2*o**2 + 2*o + 1. Let v be (-5 - -5) + (-1)/1. Give f(v).
-3
Let k(d) = 36*d + 1. Let y be k(-1). Let u(v) = 3*v**2 - 4*v - 10. Let t be u(-3). Let w = t + y. Let b(n) = n + 4. Determine b(w).
-2
Let x(u) = 2*u**3 - 63*u**2 + 14*u + 19. Let s(h) = h**3 - 30*h**2 + 6*h + 9. Let m(o) = 7*s(o) - 3*x(o). Calculate m(21).
6
Let q(v) = 8*v**2 + 2*v + 1. Let m(p) = -2*p - 1. Let r be m(0). What is q(r)?
7
Let k(b) = b**2 - 7*b + 2. Let i(a) = 5*a - 6. Let n be i(-5). Let g = -29 - n. Suppose -g*u + 11 = 1. Determine k(u).
-8
Let c be ((-45)/30)/(((-30)/16)/(-5)). Let f(n) = 0*n**2 + 4*n + n**3 - n**